a(h) = 20*h + 187. Give a(-10).
-13
Let n(m) = -6*m**2 - m + 2. Determine n(1).
-5
Let i(w) = w**2 - 17*w + 11. Calculate i(17).
11
Let h(x) = x**3 - 52*x - 15. What is h(-7)?
6
Let g(s) = 87*s + 345. Calculate g(-4).
-3
Let t(m) = -m**3 + 9*m**2 + 4. Determine t(9).
4
Let h(d) = d**2 + 24*d + 103. What is h(-18)?
-5
Let s(r) = -5*r - 7. Calculate s(-5).
18
Let i(b) = 19*b - 2. Give i(-5).
-97
Let k(o) = o**3 + 7*o**2 + 60. What is k(-8)?
-4
Let u(m) = -m**2 + 5*m + 11. Calculate u(6).
5
Let q(l) = -87*l + 776. Give q(9).
-7
Let g(p) = -p**3 + 7*p**2 - p + 3. Calculate g(7).
-4
Let c(q) = 4*q - 2. Calculate c(5).
18
Let k(r) = 5*r - 1. Give k(6).
29
Let z(i) = -i**3 - 6*i**2 + 11*i + 14. Give z(-7).
-14
Let t(c) = -3*c + 28. Calculate t(7).
7
Let l(g) = 2*g**2 + 18*g - 19. Give l(-10).
1
Let y(d) = -d**2 + 35*d + 162. What is y(39)?
6
Let p(k) = -20*k**3 - 4*k**2 + 5*k - 2. Determine p(1).
-21
Let p(b) = b**2 - 5*b - 2. Give p(2).
-8
Let i(t) = -t**3 - 7*t**2 + 11*t + 20. Calculate i(-8).
-4
Let f(c) = -c**3 - 2*c**2 + 6*c + 7. What is f(-4)?
15
Let j(z) = -2*z**2 - 18*z + 1. What is j(-9)?
1
Let l(a) = -a**3 + 6*a**2 + 6*a - 36. Give l(6).
0
Let b(w) = -w**2 - 18*w - 45. Determine b(-15).
0
Let l(u) = -19*u + 7. Give l(3).
-50
Let t(k) = -k - 3. Calculate t(-5).
2
Let y(v) = -v**2 + 20*v - 13. What is y(19)?
6
Let b(w) = 3*w**3 + 2*w**2 - 3*w + 4. Determine b(-3).
-50
Let g(v) = -v**2 + 11*v + 66. Calculate g(15).
6
Let m(s) = -2*s**3 - 7*s**2 + 13*s + 7. Calculate m(-6).
109
Let x(s) = 11*s + 6. Calculate x(-5).
-49
Let r(a) = -a**3 - 9*a**2 + 17*a + 40. Calculate r(-10).
-30
Let d(g) = -g**2 - 14*g + 19. Determine d(-14).
19
Let j(d) = -d**2 - 8*d + 8. Calculate j(-9).
-1
Let o(a) = -a**3 + 8*a**2 + 3*a - 8. Calculate o(8).
16
Let t(z) = -12*z + 72. Give t(6).
0
Let x(f) = -f**3 - f**2 - f - 20. Give x(0).
-20
Let p(v) = v**2 + 6*v + 8. Determine p(-3).
-1
Let s(z) = z**3 + z**2 - z - 3. Calculate s(3).
30
Let h(t) = t**2 + 39*t + 81. Give h(-37).
7
Let y(c) = -c**2 - 16*c - 37. Give y(0).
-37
Let b(y) = -y**2 + 10*y - 22. What is b(0)?
-22
Let g(l) = 2*l**3 + 10*l**2 - 30*l + 3. What is g(-7)?
17
Let z(c) = 37*c**3 - c**2 - 2*c + 2. What is z(1)?
36
Let k(v) = v + 1. Give k(2).
3
Let k(m) = -m**3 + 11*m**2 + 3*m - 39. Give k(11).
-6
Let d(a) = -a**3 + 15*a**2 + 15*a + 17. Calculate d(16).
1
Let a(g) = 12*g**2 + 1. Give a(-1).
13
Let d(w) = 2*w + 17. Calculate d(-13).
-9
Let x(b) = -6*b - 20. Give x(-13).
58
Let b(i) = -20*i - 22. Give b(3).
-82
Let w(h) = h**3 + 5*h**2 + 5*h + 14. What is w(-5)?
-11
Let y(l) = -2*l**2 + 17*l - 12. Give y(8).
-4
Let s(f) = -f**3 - 21*f**2 + 24*f + 13. What is s(-22)?
-31
Let s(d) = d**2 - 37*d + 36. Give s(36).
0
Let r(h) = -h**3 + 2*h**2 + 2*h + 36. Give r(7).
-195
Let p(q) = -17*q + 34. Give p(8).
-102
Let h(s) = s**3 - 14*s**2 - 13*s - 36. Give h(15).
-6
Let k(t) = -6*t - 87. What is k(-10)?
-27
Let l(v) = -v**2 + 2*v - 7. What is l(-4)?
-31
Let b(t) = t**3 - 5*t**2 - 10*t - 21. Give b(7).
7
Let x(w) = -6*w + 22. Give x(6).
-14
Let a(m) = -10*m**3 + m**2 + m + 1. Determine a(-1).
11
Let i(k) = -26*k**2 - 4*k - 5. What is i(-1)?
-27
Let r(h) = -h**2 + 11*h + 33. Calculate r(13).
7
Let d(v) = 2*v**3 - 5*v**2 + 5*v - 2. Calculate d(2).
4
Let q(g) = g**2 - 7*g + 2. Determine q(7).
2
Let f(v) = 13*v**2 - 16*v - 35. Give f(-3).
130
Let g(h) = -67*h - 6. What is g(-1)?
61
Let i(y) = -4*y**3 + 3*y**2 - 2*y + 2. Give i(0).
2
Let s(d) = -18*d**3 + 4*d**2 + d + 1. Calculate s(-1).
22
Let h(x) = -4*x - 9. Calculate h(4).
-25
Let z(j) = -j**2 - 17*j - 37. Give z(-13).
15
Let x(o) = -o**2 - 20*o - 32. What is x(-18)?
4
Let q(p) = p**3 + 4*p**2 - 6*p + 4. What is q(-5)?
9
Let v(h) = 7*h**2 + 3*h + 10. Determine v(-4).
110
Let m(w) = -65*w**3 + 3*w**2 - w - 1. What is m(1)?
-64
Let h(q) = -q**3 + 9*q**2 - 9*q + 8. Calculate h(8).
0
Let x(g) = 15*g - 81. Give x(5).
-6
Let u(k) = k - 1. Calculate u(-3).
-4
Let s(o) = o**2 - 13*o + 24. What is s(9)?
-12
Let a(t) = t - 20. Determine a(-9).
-29
Let o(k) = k**2 + 15*k + 16. What is o(-12)?
-20
Let p(j) = 8*j**2 - 7*j - 15. Calculate p(-3).
78
Let u(i) = i - 2. Calculate u(6).
4
Let b(w) = w**2 + 16*w + 25. What is b(-12)?
-23
Let z(r) = 17*r. What is z(2)?
34
Let k(n) = -3*n**2 + 29*n + 38. What is k(11)?
-6
Let g(n) = -n**3 + 15*n**2 - 15*n + 20. What is g(14)?
6
Let q(u) = 2*u - 26. Calculate q(10).
-6
Let x(y) = -2*y**2 - 6*y + 90. Calculate x(5).
10
Let g(s) = s. Calculate g(-9).
-9
Let b(r) = -3*r - 1. Determine b(7).
-22
Let n(j) = -12*j + 12. Give n(3).
-24
Let y(m) = m**3 - 9*m**2 - 7*m. Give y(10).
30
Let y(t) = 3*t**2 - t + 2. What is y(3)?
26
Let u(h) = -3*h**3 - 3*h**2 - 3*h - 3. Determine u(-2).
15
Let w(a) = -a**2 - 4*a + 22. Determine w(-7).
1
Let g(f) = -f**2 + 6*f - 3. Calculate g(5).
2
Let l(o) = o**3 + 14*o**2 - 16*o - 16. Determine l(-15).
-1
Let y(g) = -9*g**3 + g**2 - 10*g + 8. Calculate y(1).
-10
Let w(j) = -20*j - 596. Calculate w(-30).
4
Let i(g) = 8*g - 19. What is i(-8)?
-83
Let n(z) = 2*z - 3. What is n(2)?
1
Let g(a) = -a**3 + 8*a**2 - 4*a - 4. Give g(3).
29
Let g(d) = -d**2 - d + 4. Determine g(4).
-16
Let a(s) = -s**3 + 13*s**2 + 34*s - 27. What is a(15)?
33
Let l(g) = -g**2 - 8*g + 10. What is l(-9)?
1
Let i(k) = 9*k + 35. Give i(-3).
8
Let b(k) = -k**3 - 17*k**2 + 18*k - 12. What is b(-18)?
-12
Let m(h) = -5*h - 52. Give m(-6).
-22
Let l(f) = -6*f + 4. What is l(0)?
4
Let s(c) = -4*c - 10. What is s(-4)?
6
Let s(u) = -u**3 - u**2 + 9*u + 28. What is s(-3)?
19
Let k(m) = -4*m**2 - 16*m - 6. Calculate k(-6).
-54
Let d(u) = -3*u + 14. Determine d(6).
-4
Let n(u) = 4*u**2 + 21*u + 27. Calculate n(-8).
115
Let c(z) = 19*z - 50. Determine c(5).
45
Let i(z) = z**2 - 6*z + 4. Give i(5).
-1
Let f(s) = 2*s - 40. Give f(5).
-30
Let m(h) = -h**3 + 3*h**2 - 6*h + 22. Give m(3).
4
Let j(a) = -a**2 + 5*a - 4. Give j(5).
-4
Let a(q) = q**3 - 11*q**2 - 12*q + 4. Calculate a(12).
4
Let d(j) = 8*j**2 + 3*j - 1. What is d(2)?
37
Let v(s) = -2*s**3 - 22*s**2 - 38*s - 9. Determine v(-9).
9
Let k(l) = -l**3 - 6*l**2 + 5*l + 9. What is k(-7)?
23
Let n(j) = 14*j**3 + j**2 - j + 1. Give n(1).
15
Let a(f) = -f**3 + 6*f**2 + 12*f - 29. Calculate a(6).
43
Let a(p) = p**2 - 23. Give a(0).
-23
Let o(c) = c**2 + 28*c + 91. Calculate o(-4).
-5
Let v(q) = -11*q**2 - 3*q - 7. Calculate v(-3).
-97
Let j(d) = d**2 + 13*d - 6. What is j(-10)?
-36
Let x(p) = p**2 - 6*p - 9. Give x(8).
7
Let w(p) = -8*p - 5. Determine w(-4).
27
Let f(k) = k**3 - 2*k + 3. What is f(1)?
2
Let z(c) = c**3 + 8*c**2 + 6. Calculate z(-8).
6
Let q(s) = -10*s**2 - 2*s + 3. Give q(1).
-9
Let a(y) = 2*y**2 + y - 10. Determine a(0).
-10
Let w(p) = p**3 + 6*p**2 + 3*p. Calculate w(-5).
10
Let s(a) = -5*a - 61. Calculate s(-18).
29
Let u(v) = -5*v**2 - 13*v + 9. Give u(3).
-75
Let t(o) = o**2 + 31*o + 67. What is t(-29)?
9
Let l(n) = -7*n + 33. What is l(4)?
5
Let m(d) = -d**3 - d**2 + d - 28. Calculate m(0).
-28
Let k(s) = -6*s**2 + s - 1. Determine k(-4).
-101
Let m(s) = s**2 - s + 1. Determine m(-5).
31
Let q(d) = -d**3 - 9*d**2 - 7*d - 2. Give q(-8).
-10
Let c(q) = -q**2 + 6*q + 30. Determine c(10).
-10
Let v(z) = -24*z + 49. Calculate v(2).
1
Let d(p) = -14*p - 3. Give d(-1).
11
Let j(v) = -v**3 + 5*v**2 + v - 15. Determine j(4).
5
Let c(t) = -3*t - 28. Give c(-10).
2
Let a(x) = x**2 - 9*x - 6. Calculate a(9).
-6
Let g(u) = 3*u**2 - u + 3. Calculate g(2).
13
Let x(j) = -15*j - 315. What is x(-21)?
0
Let r(i) = 12*i + 8. Give r(-4).
-40
Let z(h) = 3*h**3 + 13*h**2 + 21*h + 65. Give z(-4).
-3
Let t(p) = 48*p + 1. Calculate t(1).
49
Let y(j) = -3*j**2 - 109*j - 134. Determine y(-35).
6
Let o(f) = -f**3 + 4*f**2 + f - 7. Determine o(-3).
53
Let l(x) = -3*x**2 + 18*x - 12. Calculate l(5).
3
Let a(v) = 2*v**2 + 44*v + 70. What is a(-20)?
-10
Let t(p) = -p**3 - 5*p**2 + p - 1. Calculate t(-4).
-21
Let n(l) = -l**2 + 66*l - 415. Calculate n(7).
-2
Let x(f) = -14*f - 24. What is x(12)?
-192
Let o(d) = 7*d**2 - 10*d + 2. Determine o(2).
10
Let g(m) = -2*m**2 - 3. Give g(3).
-21
Let l(m) = -m**3 - 8*m**2 - 19*m - 15. What is l(-4)?
-3
Let v(s) = s**2 - 4*s - 7. Give v(7).
14
Let x(j) = j**3 + 13*j**2 + 6*j - 78. Give x(-12).
-6
Let f(v) = v**3 - 11*v**2 - 14*v + 4. Give f(12).
-20
Let j(g) = -g**2 + 23*g - 45. Wh